.
22
What is the highest common divisor of 240 and 760?
40
Calculate the highest common factor of 238 and 287.
7
Calculate the highest common factor of 1376 and 43.
43
Calculate the highest common divisor of 162 and 21384.
162
What is the greatest common factor of 99 and 2871?
99
Calculate the greatest common factor of 91 and 1235.
13
Calculate the greatest common factor of 64 and 3696.
16
What is the highest common divisor of 114 and 418?
38
What is the highest common divisor of 16 and 1832?
8
What is the highest common divisor of 3515 and 19?
19
Calculate the greatest common divisor of 264 and 440.
88
What is the highest common divisor of 7474 and 222?
74
What is the highest common divisor of 22 and 286?
22
What is the highest common divisor of 35 and 40?
5
Calculate the highest common divisor of 99 and 81.
9
Calculate the greatest common factor of 161 and 207.
23
What is the highest common factor of 182 and 52?
26
Calculate the highest common divisor of 4753 and 97.
97
What is the greatest common factor of 3871 and 474?
79
Calculate the highest common factor of 118 and 2537.
59
Calculate the greatest common divisor of 362 and 543.
181
What is the greatest common factor of 13 and 4537?
13
Calculate the highest common divisor of 57 and 19.
19
Calculate the greatest common divisor of 15450 and 150.
150
Calculate the greatest common divisor of 352 and 44.
44
What is the highest common divisor of 6 and 489?
3
Calculate the greatest common divisor of 204 and 68.
68
What is the highest common divisor of 384 and 528?
48
Calculate the greatest common divisor of 12 and 372.
12
What is the greatest common factor of 95 and 2185?
95
What is the highest common divisor of 625 and 100?
25
Calculate the greatest common divisor of 77 and 1133.
11
What is the greatest common divisor of 70 and 182?
14
Calculate the greatest common factor of 4 and 4.
4
What is the greatest common factor of 1602 and 90?
18
Calculate the highest common divisor of 56214 and 486.
162
Calculate the highest common divisor of 1519 and 124.
31
Calculate the highest common factor of 20 and 2890.
10
What is the highest common factor of 31 and 3565?
31
What is the highest common factor of 286 and 52?
26
Calculate the highest common factor of 105 and 1545.
15
What is the highest common divisor of 121943 and 197?
197
What is the greatest common factor of 357 and 21?
21
What is the highest common divisor of 12 and 252?
12
Calculate the greatest common factor of 63 and 1232.
7
What is the highest common factor of 40 and 205?
5
Calculate the greatest common factor of 238 and 170.
34
What is the greatest common factor of 106 and 265?
53
What is the highest common divisor of 4085 and 95?
95
Calculate the highest common factor of 29 and 3277.
29
What is the highest common factor of 80 and 1440?
80
Calculate the highest common divisor of 169 and 8788.
169
What is the greatest common factor of 42 and 112?
14
What is the greatest common factor of 416 and 1196?
52
What is the greatest common factor of 4 and 20?
4
What is the greatest common divisor of 122 and 11285?
61
Calculate the greatest common factor of 41 and 4715.
41
What is the greatest common factor of 2346 and 867?
51
Calculate the highest common divisor of 11602 and 2.
2
What is the greatest common divisor of 484 and 44?
44
What is the greatest common divisor of 315 and 1035?
45
What is the greatest common divisor of 156 and 390?
78
What is the greatest common divisor of 8 and 472?
8
Calculate the highest common factor of 88 and 396.
44
Calculate the greatest common divisor of 49 and 2660.
7
What is the highest common divisor of 12167 and 46?
23
Calculate the highest common divisor of 399 and 210.
21
What is the highest common factor of 196 and 1862?
98
Calculate the greatest common factor of 186 and 217.
31
What is the highest common factor of 1010 and 20?
10
Calculate the highest common divisor of 125 and 25.
25
What is the greatest common divisor of 12 and 3468?
12
What is the greatest common factor of 350 and 14?
14
What is the greatest common divisor of 31 and 248?
31
What is the greatest common divisor of 80 and 86?
2
What is the greatest common divisor of 11 and 176?
11
Calculate the greatest common factor of 52 and 260.
52
Calculate the greatest common factor of 27 and 189.
27
What is the highest common divisor of 264 and 96?
24
What is the greatest common divisor of 14436 and 36?
36
What is the highest common divisor of 72 and 3384?
72
What is the highest common factor of 352 and 1144?
88
Calculate the greatest common divisor of 36 and 414.
18
Calculate the highest common factor of 119 and 49.
7
What is the highest common factor of 28 and 406?
14
Calculate the highest common divisor of 12506 and 208.
26
What is the greatest common divisor of 9 and 8334?
9
What is the greatest common divisor of 36 and 846?
18
What is the highest common factor of 1037 and 85?
17
What is the highest common divisor of 2050 and 150?
50
What is the greatest common factor of 17 and 1989?
17
What is the greatest common divisor of 48 and 114?
6
What is the greatest common factor of 570 and 294?
6
What is the highest common divisor of 20 and 14140?
20
What is the highest common divisor of 68420 and 220?
220
Calculate the highest common factor of 9 and 279.
9
What is the highest common factor of 44 and 286?
22
Calculate the highest common factor of 56 and 553.
7
What is the highest common factor of 6 and 498?
6
What is the highest common divisor of 560 and 1050?
70
Calculate the greatest common factor of 16305 and 15.
15
What is the highest common divisor of 65372 and 277?
277
Calculate the greatest common divisor of 18 and 594.
18
What is the highest common divisor of 735 and 30?
15
Calculate the highest common factor of 1184 and 74.
74
Calculate the greatest common divisor of 231 and 49.
7
Calculate the greatest common divisor of 3377 and 33.
11
Calculate the greatest common factor of 161 and 621.
23
What is the highest common factor of 621 and 46?
23
Calculate the greatest common factor of 52 and 169.
13
Calculate the highest common factor of 96 and 984.
24
What is the greatest common divisor of 84 and 644?
28
Calculate the greatest common divisor of 99 and 143.
11
Calculate the highest common divisor of 14 and 8.
2
What is the greatest common factor of 189 and 147?
21
What is the highest common factor of 442 and 136?
34
Calculate the highest common divisor of 837 and 27.
27
Calculate the greatest common divisor of 29 and 116.
29
What is the greatest common divisor of 8 and 908?
4
Calculate the highest common factor of 154 and 968.
22
Calculate the greatest common divisor of 260 and 780.
260
What is the greatest common factor of 725 and 325?
25
Calculate the highest common divisor of 85 and 221.
17
Calculate the greatest common divisor of 584 and 657.
73
Calculate the greatest common divisor of 162 and 28350.
162
What is the greatest common divisor of 2233 and 406?
203
What is the highest common factor of 2288 and 5200?
208
Calculate the highest common factor of 576 and 360.
72
What is the highest common factor of 660 and 420?
60
Calculate the highest common factor of 3228 and 12.
12
What is the highest common factor of 923 and 142?
71
What is the greatest common divisor of 64 and 584?
8
What is the greatest common divisor of 1467 and 652?
163
Calculate the highest common divisor of 28 and 868.
28
What is the highest common divisor of 31 and 7409?
31
What is the highest common factor of 1296 and 336?
48
Calculate the highest common divisor of 308 and 56.
28
Calculate the greatest common factor of 58 and 406.
58
What is the highest common factor of 437 and 46?
23
What is the highest common factor of 20 and 14180?
20
Calculate the greatest common divisor of 152 and 133.
19
Calculate the greatest common divisor of 294 and 81.
3
Calculate the greatest common factor of 104 and 16.
8
What is the greatest common divisor of 360 and 20?
20
Calculate the greatest common divisor of 1133 and 220.
11
What is the highest common factor of 4 and 596?
4
What is the greatest common divisor of 5 and 8705?
5
Calculate the greatest common factor of 98 and 98.
98
Calculate the greatest common factor of 110 and 20.
10
Calculate the greatest common factor of 351 and 2223.
1